**2 - 54*v - 27. Let g(u) = -23*u**3 - 7*u**2 - 20*u - 10. Let r(h) = -27*g(h) + 10*t(h). Calculate r(x).
0
Let f = -14501 - -14502. Let k(t) = 41*t**2 - 4*t + 2. Give k(f).
39
Let y(u) = 2*u - 3 + 3. Suppose -7*m + 164 = 80. Suppose -17*x - 97 = -m. Calculate y(x).
-10
Let y(c) be the first derivative of -8*c - 1/4*c**4 + 58 - 4*c**2 - 3*c**3. Let x = -7 + -1. Determine y(x).
-8
Let i(f) = 17*f - 1. Suppose 1 = 21*t - 22*t. Let o be i(t). Let k = -14 - o. Let j(n) = n**3 - 3*n**2 - 2*n + 2. Determine j(k).
10
Let t(d) be the first derivative of -4*d**2 + 1/20*d**5 - 4/3*d**3 + 1/2*d**4 - 10*d + 11. Let x(m) be the first derivative of t(m). What is x(-7)?
-1
Let t = -39401/6 - -6567. Let n(q) be the third derivative of 0*q + 1/6*q**3 + 1/60*q**5 + 0 + 6*q**2 + t*q**4. Calculate n(-3).
-2
Let k be 4/40*-4 - (-2)/(40/(-12)). Let t(y) be the first derivative of 5*y**4 - 2*y**3/3 - y**2 - y + 9. Give t(k).
-21
Let w = 10 - 13. Let t(i) = 738328 - 738327 - i**2 - 3*i - 4*i**2. Determine t(w).
-35
Let o(y) = -y**3 - 7*y**2 - 7*y. Let w be (-4)/34 - 1702/(-51)*3. Suppose -20*v - w = -0*v. What is o(v)?
-15
Let d(h) = -h**2. Let v(j) = -5*j**2 - j + 1. Let c(a) = -4*d(a) + v(a). Let q = 268 + -264. Let f be (-552)/(-299) - q/(-26). What is c(f)?
-5
Let w(o) be the third derivative of o**5/60 - o**4/4 + o**3/6 - 38*o**2 - o. Suppose 45 = 5*n + 2*q - 4*q, -16 = -3*n - q. Determine w(n).
8
Let h(g) = g**2 + 6*g - 7. Let y = 363 + -361. Suppose -8*x = 5*j - 4*x + 24, -y*j - 4 = 3*x. Determine h(j).
9
Let m(x) be the second derivative of 2*x**3 - 7*x + 0 - 1/24*x**4 + 0*x**2 + 1/45*x**6 + 0*x**5. Let h(g) be the second derivative of m(g). Determine h(-1).
7
Let v(s) = -s**2 + 9*s + 135. Let p be 38/(-5) + ((-104)/(-40) - 3). Determine v(p).
-1
Let s(y) = y**3 + 4*y**2 - 4*y + 2. Let h(m) = m**2 - 57*m + 14. Let r be h(57). Let n be 48/(-9)*3/(-2). Suppose -n = -r*a - 64. Determine s(a).
18
Let l(w) = w**3 - w**2 + 6. Suppose 4*d - 5*m = -58 + 167, -3*d - m + 58 = 0. Let a be (0 - 0)/(10 - d - -9). Give l(a).
6
Let v(i) = -5*i**3 + 17*i**2 + 8*i + 3. Let u(c) = -c**3 + c**2 + c - 1. Let m(a) = 6*u(a) - v(a). Let z be (388/(-1940))/((-2)/(-110)). Give m(z).
13
Let d(y) be the first derivative of y**5/20 + y**4/3 + y**3/3 - 3*y**2/2 + 133*y - 34. Let g(z) be the first derivative of d(z). Calculate g(-4).
-11
Let q(k) = 7*k**2 + 8 - 346*k**3 + 8 + 174*k**3 - 11*k + 173*k**3 + 2. What is q(-8)?
42
Let b(s) = 3*s**3 - 14*s**2 - 8*s + 5. Let f = 3491 + -3486. Determine b(f).
-10
Let g(l) be the second derivative of -182*l + 0 - 4*l**2 + 1/6*l**3. Calculate g(14).
6
Let c(n) = 9*n + 13. Let z(x) = 5*x + 7. Let f(v) = -4*c(v) + 7*z(v). Let y(s) = -2*s**2 - 10*s + 7. Let k be y(-6). Let m be (k + 13 - -3)*-1. Calculate f(m).
8
Suppose -255*c + 149 = -256*c. Let o = c + 147. Let h(n) = -n**2 - 2*n - 3. What is h(o)?
-3
Let z(n) = 4*n**2 - 19*n - 30. Let f be z(6). Let a be (1 + 0)*f/30. Let x(h) = h - 23. What is x(a)?
-23
Let z(x) = 11*x**2 + 12*x**2 - 12*x**2 + 6*x + x**2 + 3*x**2 - 13*x**2. Let g be 10*2/8*-2. Calculate z(g).
20
Let d be 1 - -8 - (-1)/(-3)*0. Let x = 5 - 3. Let m(g) = 9 + 16*g**x + 4 - 17*g**2 + g + 7*g. Give m(d).
4
Let x(z) be the second derivative of z**5/20 + 3*z**4/4 + z**3 + 63*z**2/2 + 575*z - 2. Calculate x(-9).
9
Let r(j) = 9*j**3 - 4*j**2 + 6*j - 2. Let d be r(1). Let n(l) = l**3 - 11*l**2 + 17*l + 6. Calculate n(d).
-3
Suppose -5*q - 4*k - 15 = 0, k = 5*q - 7 + 22. Let r(f) = f**3 - 3*f**2 - 5*f + 7. Let l be r(5). Let c(i) = 3 - 11*i + l*i - 6*i - 11*i. What is c(q)?
-9
Let l(n) = 21*n - 33. Let a(f) = -95*f + 131. Let b(d) = -4*a(d) - 18*l(d). What is b(-25)?
20
Let k(j) = -36*j - 1. Let g(y) = 7*y. Let x(w) = -5*g(w) - k(w). What is x(8)?
9
Let v = -2054 + 2059. Let t(s) = s**2 - 7*s + 8. Let u be t(6). Let i(f) = -4*f**2 - 3*f + 5*f + 3*f**u + 7 + 3*f. What is i(v)?
7
Let n(k) be the first derivative of k**4/4 + 23*k**3/3 - 77*k**2/2 + 23*k + 1367. What is n(-26)?
-3
Let c(d) be the first derivative of 165 - 10/3*d**3 + 0*d + 1/4*d**4 + 3*d**2. Determine c(9).
-27
Let t(f) be the third derivative of -f**5/30 + 5*f**4/6 + 11*f**3/3 - 83*f**2 - 2*f - 30. What is t(11)?
0
Let c be (-1152)/5184 + 76/18. Let y(n) = -4*n**2 + 13*n - 17. Give y(c).
-29
Let b(s) = 8*s**2 + 14*s - 10. Let r(d) = 3*d**2 + d - 4. Let q(i) = -2*b(i) + 6*r(i). What is q(10)?
-24
Suppose -5 = 4*v + 4*m - 33, 4*m = 3*v + 14. Let j(y) = -139*y - 2 - 29*y**v + 138*y + 3. What is j(1)?
-29
Let c(f) = -f**2 + f + 1. Let l(g) = -2*g**2 - g + 7. Let j(o) = 4*c(o) - l(o). Let v be 3*6/(-18)*-4. Calculate j(v).
-15
Suppose 2*d + 5*a = -24, 0 = -2*d + 2*a - 204 + 180. Let w(r) = 4*r + 49. Calculate w(d).
1
Let r(q) = 11*q**2 - 58*q + 98. Let w(z) = 4*z**2 - 29*z + 47. Let g(u) = -2*r(u) + 5*w(u). Give g(-16).
-9
Let c(s) = -2*s - 2. Suppose -8*z = -6*z + 4*q + 36, -2*q = -24*z - 232. Give c(z).
18
Let k(v) be the third derivative of -v**5/60 - v**4/3 + 53*v**3/6 + 3*v**2 - 625*v + 1. Determine k(6).
-31
Let l(s) be the second derivative of 11*s**3/6 - 9*s**2/2 - 3*s - 350. Determine l(4).
35
Let c(a) = -499 + 10*a + 471 - 2*a**2 + a + 19*a. Give c(14).
0
Suppose -1121 = 4*h - 5*f, -4*f = -h + 3*h + 528. Let j = h - -266. Let g(q) = q**2 + 9*q + 10. Determine g(j).
2
Let u(z) = -17*z**2 - 58*z - 187. Let x(p) = -7*p**2 - 24*p - 74. Let s(d) = -5*u(d) + 12*x(d). Calculate s(0).
47
Let c(s) be the third derivative of -s**6/120 - s**5/60 + s**4/8 - s**3/6 + s**2. Let z(v) = -v**2 - 7*v + 230. Let w be z(12). Give c(w).
-7
Let u(i) = -i + 3*i**2 - 4*i**2 + 1 + 0*i**2. Suppose -9*f = -244 + 208. Suppose 34*z = 32*z - f. Calculate u(z).
-1
Suppose -54*z + 240 = -14*z. Let a(c) = c**2 - 8*c + 13. Give a(z).
1
Suppose 5*s + 11 = -a - 23, -2*s = -3*a - 51. Suppose -2*u + 4*u = 30. Let j = a + u. Let z(x) = 4*x + 4. What is z(j)?
-12
Let n(j) = j**2 + j + 4. Let s(u) = -9*u**2 + 5*u + 5. Let l be s(-1). Let p(c) = 15*c + 135. Let b be p(l). Determine n(b).
4
Let x(i) = 7*i**3 + 5*i**2 + i + 4. Let q(c) be the first derivative of 3*c**3 + 13/4*c**4 + c**2 + 13 + 7*c. Let w(g) = 6*q(g) - 11*x(g). What is w(2)?
4
Let z(v) = v**2 + 6*v - 278. Suppose -36*g - 237*g + 577 = 6037. Give z(g).
2
Let f(w) = -w**3 + w**2 + 4*w + 1. Suppose -56 = -5*n + 3*j, -5*n - 2*j + 3*j + 52 = 0. Suppose -l - 5*g + 3 = n, -2*l + g = -8. Give f(l).
-5
Let q be (18/(-12))/((-18)/(-48)). Let j(y) = -y**3 + y**2 - y + 1. Let l(h) = 6*h**3 + 7*h - 7. Let c(o) = -5*j(o) - l(o). Calculate c(q).
-6
Let a(o) = -3*o + 3*o - 2*o - 1 - 9*o**2. Let s be ((-126)/(-168))/((-18)/24). Calculate a(s).
-8
Let b = -1196 - -1198. Let k(a) = -15*a + 10*a - 1 - 5*a + 3. Calculate k(b).
-18
Let w(b) = -13*b**3 - 4*b**2 - b - 5. Let x(u) = 22*u**3 + 6*u**2 + u + 10. Let h(s) = 5*w(s) + 3*x(s). What is h(4)?
29
Let d(y) = 2*y**2 - 6*y - 7. Suppose 3*n + 2*m = -51 + 56, 0 = 9*n + 4*m - 25. Determine d(n).
13
Let l(m) = -70*m**2 + 5*m + 85*m**2 - 20 - m**3 + 2*m**3 - 11 - 20*m**2. Give l(5).
-6
Let a = 11 - 3. Let p(v) be the second derivative of v - 3*v**2 + 3/2*v**3 + 7/12*v**4 - 1/20*v**5 + 298. What is p(a)?
2
Let y(a) = -15*a**3 + a**2 - a + 5. Let k(g) = 18*g**3 - g**2 + g - 6. Let v(n) = -6*k(n) - 7*y(n). Give v(2).
-25
Suppose -t + r = 3*t - 8, -t - 3*r = -2. Let o(s) = s**2 + 3*s + 2. Let h be o(t). Let j(a) = -2*a**3 + a**3 + 10*a - 12*a**2 + 17 + 23*a**2. Calculate j(h).
-7
Let y(u) = 16*u**2 - 149*u - 4. Let v(a) = 5*a**2 + 2*a - 2. Let k(t) = 3*v(t) - y(t). Determine k(0).
-2
Let u(a) = -7*a + 45. Let w(r) = 10*r**2 + 58*r + 83. Let o be w(-2). Determine u(o).
-4
Let q(c) be the second derivative of 13*c**4/24 + c**3/3 - 265*c**2/2 + 21*c. Let l(y) be the first derivative of q(y). Determine l(-1).
-11
Let k = 0 + -5. Let y(t) = t**3 - t**2 - 22*t + 1. Let h(j) = 2*j**3 + 5*j**2 - 21*j - 5. Let g(r) = h(r) - y(r). Determine g(k).
14
Let b be (-12)/(-8)*8/6. Let a(j) = -6*j + 5*j - 3*j**2 + 9*j**b + j**3. Suppose 11*h = 16*h + 2*r + 34, 4*r = h - 2. Determine a(h).
6
Let u = 28 - 13. Suppose u*y + 68 = 17*y. Suppose 3*m + y = 1. Let b(w) = w**3 + 11*w**2 + w + 11. Calculate b(m).
0
Suppose v + 3 = 3*g + 9, -2*v + g = -27. Let k(u) = u**2 - 18*u - 10. What is k(v)?
-55
Let j(k) = -k**3 + 6*k**2 + 10*k - 5. Let g be 5*5/